{"id":1185,"date":"2025-09-29T20:51:33","date_gmt":"2025-09-29T18:51:33","guid":{"rendered":"https:\/\/radosnavijest.hr\/shop\/?post_type=product&#038;p=1185"},"modified":"2025-09-29T20:58:08","modified_gmt":"2025-09-29T18:58:08","slug":"kada-su-ljudi-veliki-a-bog-malen","status":"publish","type":"product","link":"https:\/\/radosnavijest.hr\/shop\/product\/kada-su-ljudi-veliki-a-bog-malen\/","title":{"rendered":"Kada su ljudi veliki, a Bog malen"},"content":{"rendered":"<p>Ed Welch istra\u017euje korijene straha od mi\u0161ljenja drugih, osje\u0107aj manje vrijednosti i potrebe za pripadanjem, isti\u010du\u0107i kako ti obrasci \u010desto vode do toga da ljudi postaju &#8220;veliki&#8221; u na\u0161im o\u010dima, dok Bog postaje &#8220;malen&#8221;. Welch nudi biblijske odgovore i prakti\u010dne korake kako bi \u010ditatelji osna\u017eili svoju vjeru i vratili Boga na prvo mjesto u svom \u017eivotu. Kroz niz primjera i pitanja za samoprocjenu, knjiga poti\u010de na razmi\u0161ljanje o vlastitim motivima i na izgradnju dubljeg povjerenja u Boga, umanjuju\u0107i utjecaj tu\u0111eg mi\u0161ljenja na vlastite odluke i vrijednost.<\/p>\n","protected":false},"excerpt":{"rendered":"<p>Jeste li previ\u0161e zabrinuti o tome \u0161to ljudi misle o vama? Sva iskustva straha od \u010dovjeka imaju jednu stvar zajedni\u010dku: ljudi su veliki. Narasli su do idolopokloni\u010dkih razmjera&#8230;Budu\u0107i da u na\u0161im srcima nema mjesta za obo\u017eavanje i Boga i ljudi, kad god su ljudi veliki, Bog nije. Stoga je prvi zadatak u bijegu od zamke straha od \u010dovjeka spoznati da je Bog stra\u0161an i slavan, a ne drugi ljudi.<\/p>\n<p>Format: Meki uvez<br \/>\nDimenzije: 125 x 200 x 13 mm<br \/>\nBroj stranica: 232<\/p>\n","protected":false},"featured_media":1186,"template":"","meta":[],"product_brand":[],"product_cat":[35],"product_tag":[],"autor":[84],"class_list":{"0":"post-1185","1":"product","2":"type-product","3":"status-publish","4":"has-post-thumbnail","6":"product_cat-krscanstvo","7":"autor-ed-welch","9":"first","10":"instock","11":"shipping-taxable","12":"purchasable","13":"product-type-simple"},"yoast_head":"<!-- This site is optimized with the Yoast SEO plugin v27.5 - https:\/\/yoast.com\/product\/yoast-seo-wordpress\/ -->\n<title>Kada su ljudi veliki, a Bog malen<\/title>\n<meta name=\"description\" content=\"Budu\u0107i da u na\u0161im srcima nema mjesta za obo\u017eavanje i Boga i ljudi, kad god su ljudi veliki, Bog nije. Stoga je prvi zadatak u bijegu od zamke straha od \u010dovjeka spoznati da je Bog stra\u0161an i slavan, a ne drugi ljudi.\" \/>\n<meta name=\"robots\" content=\"index, follow, max-snippet:-1, max-image-preview:large, max-video-preview:-1\" \/>\n<link rel=\"canonical\" href=\"https:\/\/radosnavijest.hr\/shop\/product\/kada-su-ljudi-veliki-a-bog-malen\/\" \/>\n<meta property=\"og:locale\" content=\"hr_HR\" \/>\n<meta property=\"og:type\" content=\"article\" \/>\n<meta property=\"og:title\" content=\"Kada su ljudi veliki, a Bog malen\" \/>\n<meta property=\"og:description\" content=\"Budu\u0107i da u na\u0161im srcima nema mjesta za obo\u017eavanje i Boga i ljudi, kad god su ljudi veliki, Bog nije. Stoga je prvi zadatak u bijegu od zamke straha od \u010dovjeka spoznati da je Bog stra\u0161an i slavan, a ne drugi ljudi.\" \/>\n<meta property=\"og:url\" content=\"https:\/\/radosnavijest.hr\/shop\/product\/kada-su-ljudi-veliki-a-bog-malen\/\" \/>\n<meta property=\"og:site_name\" content=\"Radosna vijest\" \/>\n<meta property=\"article:modified_time\" content=\"2025-09-29T18:58:08+00:00\" \/>\n<meta property=\"og:image\" content=\"https:\/\/radosnavijest.hr\/shop\/wp-content\/uploads\/2025\/09\/kada-su-ljudi-front.jpg\" \/>\n\t<meta property=\"og:image:width\" content=\"842\" \/>\n\t<meta property=\"og:image:height\" content=\"1200\" \/>\n\t<meta property=\"og:image:type\" content=\"image\/jpeg\" \/>\n<meta name=\"twitter:card\" content=\"summary_large_image\" \/>\n<meta name=\"twitter:label1\" content=\"Procijenjeno vrijeme \u010ditanja\" \/>\n\t<meta name=\"twitter:data1\" content=\"1 minuta\" \/>\n<script type=\"application\/ld+json\" class=\"yoast-schema-graph\">{\"@context\":\"https:\\\/\\\/schema.org\",\"@graph\":[{\"@type\":\"WebPage\",\"@id\":\"https:\\\/\\\/radosnavijest.hr\\\/shop\\\/product\\\/kada-su-ljudi-veliki-a-bog-malen\\\/\",\"url\":\"https:\\\/\\\/radosnavijest.hr\\\/shop\\\/product\\\/kada-su-ljudi-veliki-a-bog-malen\\\/\",\"name\":\"Kada su ljudi veliki, a Bog malen\",\"isPartOf\":{\"@id\":\"https:\\\/\\\/radosnavijest.hr\\\/shop\\\/#website\"},\"primaryImageOfPage\":{\"@id\":\"https:\\\/\\\/radosnavijest.hr\\\/shop\\\/product\\\/kada-su-ljudi-veliki-a-bog-malen\\\/#primaryimage\"},\"image\":{\"@id\":\"https:\\\/\\\/radosnavijest.hr\\\/shop\\\/product\\\/kada-su-ljudi-veliki-a-bog-malen\\\/#primaryimage\"},\"thumbnailUrl\":\"https:\\\/\\\/radosnavijest.hr\\\/shop\\\/wp-content\\\/uploads\\\/2025\\\/09\\\/kada-su-ljudi-front.jpg\",\"datePublished\":\"2025-09-29T18:51:33+00:00\",\"dateModified\":\"2025-09-29T18:58:08+00:00\",\"description\":\"Budu\u0107i da u na\u0161im srcima nema mjesta za obo\u017eavanje i Boga i ljudi, kad god su ljudi veliki, Bog nije. Stoga je prvi zadatak u bijegu od zamke straha od \u010dovjeka spoznati da je Bog stra\u0161an i slavan, a ne drugi ljudi.\",\"breadcrumb\":{\"@id\":\"https:\\\/\\\/radosnavijest.hr\\\/shop\\\/product\\\/kada-su-ljudi-veliki-a-bog-malen\\\/#breadcrumb\"},\"inLanguage\":\"hr\",\"potentialAction\":[{\"@type\":\"ReadAction\",\"target\":[\"https:\\\/\\\/radosnavijest.hr\\\/shop\\\/product\\\/kada-su-ljudi-veliki-a-bog-malen\\\/\"]}]},{\"@type\":\"ImageObject\",\"inLanguage\":\"hr\",\"@id\":\"https:\\\/\\\/radosnavijest.hr\\\/shop\\\/product\\\/kada-su-ljudi-veliki-a-bog-malen\\\/#primaryimage\",\"url\":\"https:\\\/\\\/radosnavijest.hr\\\/shop\\\/wp-content\\\/uploads\\\/2025\\\/09\\\/kada-su-ljudi-front.jpg\",\"contentUrl\":\"https:\\\/\\\/radosnavijest.hr\\\/shop\\\/wp-content\\\/uploads\\\/2025\\\/09\\\/kada-su-ljudi-front.jpg\",\"width\":842,\"height\":1200},{\"@type\":\"BreadcrumbList\",\"@id\":\"https:\\\/\\\/radosnavijest.hr\\\/shop\\\/product\\\/kada-su-ljudi-veliki-a-bog-malen\\\/#breadcrumb\",\"itemListElement\":[{\"@type\":\"ListItem\",\"position\":1,\"name\":\"Po\u010detna\",\"item\":\"https:\\\/\\\/radosnavijest.hr\\\/shop\\\/\"},{\"@type\":\"ListItem\",\"position\":2,\"name\":\"Knjige\",\"item\":\"https:\\\/\\\/radosnavijest.hr\\\/shop\\\/\"},{\"@type\":\"ListItem\",\"position\":3,\"name\":\"Kada su ljudi veliki, a Bog malen\"}]},{\"@type\":\"WebSite\",\"@id\":\"https:\\\/\\\/radosnavijest.hr\\\/shop\\\/#website\",\"url\":\"https:\\\/\\\/radosnavijest.hr\\\/shop\\\/\",\"name\":\"Radosna vijest\",\"description\":\"Knjige\",\"publisher\":{\"@id\":\"https:\\\/\\\/radosnavijest.hr\\\/shop\\\/#organization\"},\"potentialAction\":[{\"@type\":\"SearchAction\",\"target\":{\"@type\":\"EntryPoint\",\"urlTemplate\":\"https:\\\/\\\/radosnavijest.hr\\\/shop\\\/?s={search_term_string}\"},\"query-input\":{\"@type\":\"PropertyValueSpecification\",\"valueRequired\":true,\"valueName\":\"search_term_string\"}}],\"inLanguage\":\"hr\"},{\"@type\":\"Organization\",\"@id\":\"https:\\\/\\\/radosnavijest.hr\\\/shop\\\/#organization\",\"name\":\"Radosna vijest\",\"url\":\"https:\\\/\\\/radosnavijest.hr\\\/shop\\\/\",\"logo\":{\"@type\":\"ImageObject\",\"inLanguage\":\"hr\",\"@id\":\"https:\\\/\\\/radosnavijest.hr\\\/shop\\\/#\\\/schema\\\/logo\\\/image\\\/\",\"url\":\"https:\\\/\\\/radosnavijest.hr\\\/shop\\\/wp-content\\\/uploads\\\/2023\\\/08\\\/cropped-RV-logo-RGB_web.png\",\"contentUrl\":\"https:\\\/\\\/radosnavijest.hr\\\/shop\\\/wp-content\\\/uploads\\\/2023\\\/08\\\/cropped-RV-logo-RGB_web.png\",\"width\":600,\"height\":232,\"caption\":\"Radosna vijest\"},\"image\":{\"@id\":\"https:\\\/\\\/radosnavijest.hr\\\/shop\\\/#\\\/schema\\\/logo\\\/image\\\/\"}}]}<\/script>\n<!-- \/ Yoast SEO plugin. -->","yoast_head_json":{"title":"Kada su ljudi veliki, a Bog malen","description":"Budu\u0107i da u na\u0161im srcima nema mjesta za obo\u017eavanje i Boga i ljudi, kad god su ljudi veliki, Bog nije. Stoga je prvi zadatak u bijegu od zamke straha od \u010dovjeka spoznati da je Bog stra\u0161an i slavan, a ne drugi ljudi.","robots":{"index":"index","follow":"follow","max-snippet":"max-snippet:-1","max-image-preview":"max-image-preview:large","max-video-preview":"max-video-preview:-1"},"canonical":"https:\/\/radosnavijest.hr\/shop\/product\/kada-su-ljudi-veliki-a-bog-malen\/","og_locale":"hr_HR","og_type":"article","og_title":"Kada su ljudi veliki, a Bog malen","og_description":"Budu\u0107i da u na\u0161im srcima nema mjesta za obo\u017eavanje i Boga i ljudi, kad god su ljudi veliki, Bog nije. Stoga je prvi zadatak u bijegu od zamke straha od \u010dovjeka spoznati da je Bog stra\u0161an i slavan, a ne drugi ljudi.","og_url":"https:\/\/radosnavijest.hr\/shop\/product\/kada-su-ljudi-veliki-a-bog-malen\/","og_site_name":"Radosna vijest","article_modified_time":"2025-09-29T18:58:08+00:00","og_image":[{"width":842,"height":1200,"url":"https:\/\/radosnavijest.hr\/shop\/wp-content\/uploads\/2025\/09\/kada-su-ljudi-front.jpg","type":"image\/jpeg"}],"twitter_card":"summary_large_image","twitter_misc":{"Procijenjeno vrijeme \u010ditanja":"1 minuta"},"schema":{"@context":"https:\/\/schema.org","@graph":[{"@type":"WebPage","@id":"https:\/\/radosnavijest.hr\/shop\/product\/kada-su-ljudi-veliki-a-bog-malen\/","url":"https:\/\/radosnavijest.hr\/shop\/product\/kada-su-ljudi-veliki-a-bog-malen\/","name":"Kada su ljudi veliki, a Bog malen","isPartOf":{"@id":"https:\/\/radosnavijest.hr\/shop\/#website"},"primaryImageOfPage":{"@id":"https:\/\/radosnavijest.hr\/shop\/product\/kada-su-ljudi-veliki-a-bog-malen\/#primaryimage"},"image":{"@id":"https:\/\/radosnavijest.hr\/shop\/product\/kada-su-ljudi-veliki-a-bog-malen\/#primaryimage"},"thumbnailUrl":"https:\/\/radosnavijest.hr\/shop\/wp-content\/uploads\/2025\/09\/kada-su-ljudi-front.jpg","datePublished":"2025-09-29T18:51:33+00:00","dateModified":"2025-09-29T18:58:08+00:00","description":"Budu\u0107i da u na\u0161im srcima nema mjesta za obo\u017eavanje i Boga i ljudi, kad god su ljudi veliki, Bog nije. Stoga je prvi zadatak u bijegu od zamke straha od \u010dovjeka spoznati da je Bog stra\u0161an i slavan, a ne drugi ljudi.","breadcrumb":{"@id":"https:\/\/radosnavijest.hr\/shop\/product\/kada-su-ljudi-veliki-a-bog-malen\/#breadcrumb"},"inLanguage":"hr","potentialAction":[{"@type":"ReadAction","target":["https:\/\/radosnavijest.hr\/shop\/product\/kada-su-ljudi-veliki-a-bog-malen\/"]}]},{"@type":"ImageObject","inLanguage":"hr","@id":"https:\/\/radosnavijest.hr\/shop\/product\/kada-su-ljudi-veliki-a-bog-malen\/#primaryimage","url":"https:\/\/radosnavijest.hr\/shop\/wp-content\/uploads\/2025\/09\/kada-su-ljudi-front.jpg","contentUrl":"https:\/\/radosnavijest.hr\/shop\/wp-content\/uploads\/2025\/09\/kada-su-ljudi-front.jpg","width":842,"height":1200},{"@type":"BreadcrumbList","@id":"https:\/\/radosnavijest.hr\/shop\/product\/kada-su-ljudi-veliki-a-bog-malen\/#breadcrumb","itemListElement":[{"@type":"ListItem","position":1,"name":"Po\u010detna","item":"https:\/\/radosnavijest.hr\/shop\/"},{"@type":"ListItem","position":2,"name":"Knjige","item":"https:\/\/radosnavijest.hr\/shop\/"},{"@type":"ListItem","position":3,"name":"Kada su ljudi veliki, a Bog malen"}]},{"@type":"WebSite","@id":"https:\/\/radosnavijest.hr\/shop\/#website","url":"https:\/\/radosnavijest.hr\/shop\/","name":"Radosna vijest","description":"Knjige","publisher":{"@id":"https:\/\/radosnavijest.hr\/shop\/#organization"},"potentialAction":[{"@type":"SearchAction","target":{"@type":"EntryPoint","urlTemplate":"https:\/\/radosnavijest.hr\/shop\/?s={search_term_string}"},"query-input":{"@type":"PropertyValueSpecification","valueRequired":true,"valueName":"search_term_string"}}],"inLanguage":"hr"},{"@type":"Organization","@id":"https:\/\/radosnavijest.hr\/shop\/#organization","name":"Radosna vijest","url":"https:\/\/radosnavijest.hr\/shop\/","logo":{"@type":"ImageObject","inLanguage":"hr","@id":"https:\/\/radosnavijest.hr\/shop\/#\/schema\/logo\/image\/","url":"https:\/\/radosnavijest.hr\/shop\/wp-content\/uploads\/2023\/08\/cropped-RV-logo-RGB_web.png","contentUrl":"https:\/\/radosnavijest.hr\/shop\/wp-content\/uploads\/2023\/08\/cropped-RV-logo-RGB_web.png","width":600,"height":232,"caption":"Radosna vijest"},"image":{"@id":"https:\/\/radosnavijest.hr\/shop\/#\/schema\/logo\/image\/"}}]}},"_links":{"self":[{"href":"https:\/\/radosnavijest.hr\/shop\/wp-json\/wp\/v2\/product\/1185","targetHints":{"allow":["GET"]}}],"collection":[{"href":"https:\/\/radosnavijest.hr\/shop\/wp-json\/wp\/v2\/product"}],"about":[{"href":"https:\/\/radosnavijest.hr\/shop\/wp-json\/wp\/v2\/types\/product"}],"wp:featuredmedia":[{"embeddable":true,"href":"https:\/\/radosnavijest.hr\/shop\/wp-json\/wp\/v2\/media\/1186"}],"wp:attachment":[{"href":"https:\/\/radosnavijest.hr\/shop\/wp-json\/wp\/v2\/media?parent=1185"}],"wp:term":[{"taxonomy":"product_brand","embeddable":true,"href":"https:\/\/radosnavijest.hr\/shop\/wp-json\/wp\/v2\/product_brand?post=1185"},{"taxonomy":"product_cat","embeddable":true,"href":"https:\/\/radosnavijest.hr\/shop\/wp-json\/wp\/v2\/product_cat?post=1185"},{"taxonomy":"product_tag","embeddable":true,"href":"https:\/\/radosnavijest.hr\/shop\/wp-json\/wp\/v2\/product_tag?post=1185"},{"taxonomy":"autor","embeddable":true,"href":"https:\/\/radosnavijest.hr\/shop\/wp-json\/wp\/v2\/autor?post=1185"}],"curies":[{"name":"wp","href":"https:\/\/api.w.org\/{rel}","templated":true}]}}

<p>Ed Welch istražuje korijene straha od mišljenja drugih, osjećaj manje vrijednosti i potrebe za pripadanjem, ističući kako ti obrasci često vode do toga da ljudi postaju &#8220;veliki&#8221; u našim očima, dok Bog postaje &#8220;malen&#8221;. Welch nudi biblijske odgovore i praktične korake kako bi čitatelji osnažili svoju vjeru i vratili Boga na prvo mjesto u svom životu. Kroz niz primjera i pitanja za samoprocjenu, knjiga potiče na razmišljanje o vlastitim motivima i na izgradnju dubljeg povjerenja u Boga, umanjujući utjecaj tuđeg mišljenja na vlastite odluke i vrijednost.</p>

<p>Jeste li previše zabrinuti o tome što ljudi misle o vama? Sva iskustva straha od čovjeka imaju jednu stvar zajedničku: ljudi su veliki. Narasli su do idolopokloničkih razmjera&#8230;Budući da u našim srcima nema mjesta za obožavanje i Boga i ljudi, kad god su ljudi veliki, Bog nije. Stoga je prvi zadatak u bijegu od zamke straha od čovjeka spoznati da je Bog strašan i slavan, a ne drugi ljudi.</p>
<p>Format: Meki uvez<br />
Dimenzije: 125 x 200 x 13 mm<br />
Broj stranica: 232</p>

<!-- This site is optimized with the Yoast SEO plugin v27.5 - https://yoast.com/product/yoast-seo-wordpress/ -->
<title>Kada su ljudi veliki, a Bog malen</title>
<meta name="description" content="Budući da u našim srcima nema mjesta za obožavanje i Boga i ljudi, kad god su ljudi veliki, Bog nije. Stoga je prvi zadatak u bijegu od zamke straha od čovjeka spoznati da je Bog strašan i slavan, a ne drugi ljudi." />
<meta name="robots" content="index, follow, max-snippet:-1, max-image-preview:large, max-video-preview:-1" />
<link rel="canonical" href="https://radosnavijest.hr/shop/product/kada-su-ljudi-veliki-a-bog-malen/" />
<meta property="og:locale" content="hr_HR" />
<meta property="og:type" content="article" />
<meta property="og:title" content="Kada su ljudi veliki, a Bog malen" />
<meta property="og:description" content="Budući da u našim srcima nema mjesta za obožavanje i Boga i ljudi, kad god su ljudi veliki, Bog nije. Stoga je prvi zadatak u bijegu od zamke straha od čovjeka spoznati da je Bog strašan i slavan, a ne drugi ljudi." />
<meta property="og:url" content="https://radosnavijest.hr/shop/product/kada-su-ljudi-veliki-a-bog-malen/" />
<meta property="og:site_name" content="Radosna vijest" />
<meta property="article:modified_time" content="2025-09-29T18:58:08+00:00" />
<meta property="og:image" content="https://radosnavijest.hr/shop/wp-content/uploads/2025/09/kada-su-ljudi-front.jpg" />
	<meta property="og:image:width" content="842" />
	<meta property="og:image:height" content="1200" />
	<meta property="og:image:type" content="image/jpeg" />
<meta name="twitter:card" content="summary_large_image" />
<meta name="twitter:label1" content="Procijenjeno vrijeme čitanja" />
	<meta name="twitter:data1" content="1 minuta" />
<script type="application/ld+json" class="yoast-schema-graph">{"@context":"https:\/\/schema.org","@graph":[{"@type":"WebPage","@id":"https:\/\/radosnavijest.hr\/shop\/product\/kada-su-ljudi-veliki-a-bog-malen\/","url":"https:\/\/radosnavijest.hr\/shop\/product\/kada-su-ljudi-veliki-a-bog-malen\/","name":"Kada su ljudi veliki, a Bog malen","isPartOf":{"@id":"https:\/\/radosnavijest.hr\/shop\/#website"},"primaryImageOfPage":{"@id":"https:\/\/radosnavijest.hr\/shop\/product\/kada-su-ljudi-veliki-a-bog-malen\/#primaryimage"},"image":{"@id":"https:\/\/radosnavijest.hr\/shop\/product\/kada-su-ljudi-veliki-a-bog-malen\/#primaryimage"},"thumbnailUrl":"https:\/\/radosnavijest.hr\/shop\/wp-content\/uploads\/2025\/09\/kada-su-ljudi-front.jpg","datePublished":"2025-09-29T18:51:33+00:00","dateModified":"2025-09-29T18:58:08+00:00","description":"Budući da u našim srcima nema mjesta za obožavanje i Boga i ljudi, kad god su ljudi veliki, Bog nije. Stoga je prvi zadatak u bijegu od zamke straha od čovjeka spoznati da je Bog strašan i slavan, a ne drugi ljudi.","breadcrumb":{"@id":"https:\/\/radosnavijest.hr\/shop\/product\/kada-su-ljudi-veliki-a-bog-malen\/#breadcrumb"},"inLanguage":"hr","potentialAction":[{"@type":"ReadAction","target":["https:\/\/radosnavijest.hr\/shop\/product\/kada-su-ljudi-veliki-a-bog-malen\/"]}]},{"@type":"ImageObject","inLanguage":"hr","@id":"https:\/\/radosnavijest.hr\/shop\/product\/kada-su-ljudi-veliki-a-bog-malen\/#primaryimage","url":"https:\/\/radosnavijest.hr\/shop\/wp-content\/uploads\/2025\/09\/kada-su-ljudi-front.jpg","contentUrl":"https:\/\/radosnavijest.hr\/shop\/wp-content\/uploads\/2025\/09\/kada-su-ljudi-front.jpg","width":842,"height":1200},{"@type":"BreadcrumbList","@id":"https:\/\/radosnavijest.hr\/shop\/product\/kada-su-ljudi-veliki-a-bog-malen\/#breadcrumb","itemListElement":[{"@type":"ListItem","position":1,"name":"Početna","item":"https:\/\/radosnavijest.hr\/shop\/"},{"@type":"ListItem","position":2,"name":"Knjige","item":"https:\/\/radosnavijest.hr\/shop\/"},{"@type":"ListItem","position":3,"name":"Kada su ljudi veliki, a Bog malen"}]},{"@type":"WebSite","@id":"https:\/\/radosnavijest.hr\/shop\/#website","url":"https:\/\/radosnavijest.hr\/shop\/","name":"Radosna vijest","description":"Knjige","publisher":{"@id":"https:\/\/radosnavijest.hr\/shop\/#organization"},"potentialAction":[{"@type":"SearchAction","target":{"@type":"EntryPoint","urlTemplate":"https:\/\/radosnavijest.hr\/shop\/?s={search_term_string}"},"query-input":{"@type":"PropertyValueSpecification","valueRequired":true,"valueName":"search_term_string"}}],"inLanguage":"hr"},{"@type":"Organization","@id":"https:\/\/radosnavijest.hr\/shop\/#organization","name":"Radosna vijest","url":"https:\/\/radosnavijest.hr\/shop\/","logo":{"@type":"ImageObject","inLanguage":"hr","@id":"https:\/\/radosnavijest.hr\/shop\/#\/schema\/logo\/image\/","url":"https:\/\/radosnavijest.hr\/shop\/wp-content\/uploads\/2023\/08\/cropped-RV-logo-RGB_web.png","contentUrl":"https:\/\/radosnavijest.hr\/shop\/wp-content\/uploads\/2023\/08\/cropped-RV-logo-RGB_web.png","width":600,"height":232,"caption":"Radosna vijest"},"image":{"@id":"https:\/\/radosnavijest.hr\/shop\/#\/schema\/logo\/image\/"}}]}</script>
<!-- / Yoast SEO plugin. -->

Budući da u našim srcima nema mjesta za obožavanje i Boga i ljudi, kad god su ljudi veliki, Bog nije. Stoga je prvi zadatak u bijegu od zamke straha od čovjeka spoznati da je Bog strašan i slavan, a ne drugi ljudi.

Početna
