{"id":1196,"date":"2025-10-31T02:16:36","date_gmt":"2025-10-31T01:16:36","guid":{"rendered":"https:\/\/radosnavijest.hr\/shop\/?post_type=product&#038;p=1196"},"modified":"2025-10-31T02:19:59","modified_gmt":"2025-10-31T01:19:59","slug":"sto-znaci-biti-protestant","status":"publish","type":"product","link":"https:\/\/radosnavijest.hr\/shop\/product\/sto-znaci-biti-protestant\/","title":{"rendered":"\u0160to zna\u010di biti protestant: Va\u017enost stalnog reformiranja Crkve"},"content":{"rendered":"<p>Autor pristupa temi protestantizma s jasno\u0107om i dubinom, istra\u017euju\u0107i njegova klju\u010dna obilje\u017eja \u2013 od povijesnih korijena Reformacije, preko glavnih doktrinarnih razlika spram katolicizma i pravoslavlja, pa sve do dana\u0161njih izazova i doprinosa protestantske misli globalnom kr\u0161\u0107anstvu.<\/p>\n<p>Poznat po jasnom, pristupa\u010dnom stilu pisanja, u ovoj knjizi isti\u010de temeljne vrijednosti protestantizma poput autoriteta Svetog pisma, opravdanja po vjeri, te va\u017enosti osobne vjere i zajedni\u010dkog bogoslu\u017eja. Ortlund ne izbjegava ni kriti\u010dka pitanja, ve\u0107 poziva \u010ditatelja na promi\u0161ljanje o tome \u0161to zna\u010di biti protestant danas \u2013 kako u osobnom \u017eivotu, tako i u \u0161irem dru\u0161tvenom kontekstu.<br \/>\nDjelo je namijenjeno \u0161irokom krugu \u010ditatelja: od onih koji tra\u017ee dublje razumijevanje vlastite vjere, do onih koji \u017eele upoznati raznolikost kr\u0161\u0107anskog naslije\u0111a. Ortlundova knjiga poti\u010de otvoren, ali i odan pogled na protestantsku tradiciju, te poziva na uva\u017eavanje i dijalog unutar kr\u0161\u0107anske zajednice.<\/p>\n","protected":false},"excerpt":{"rendered":"<p>Ova knjiga predstavlja suvremeno razmatranje protestantskog identiteta kroz povijesnu, teolo\u0161ku i prakti\u010dnu prizmu. Autor crpi iz svoga akademskog djelovanja s podru\u010dja povijesti Crkve, kao i iz osobnog iskustva me\u0111ukonfesionalnog dijaloga, kako bi ponudio sna\u017enu obranu protestantske tradicije. Vra\u0107aju\u0107i se klasi\u010dnim protestantskim tekstovima i argumentima, pokazuje da se mnogi suvremeni prigovori protestantizmu temelje na karikaturama. U kona\u010dnici, pokazuje da povijesni protestantizam nudi najbolji put prema katolicitetu i povijesnoj ukorijenjenosti dana\u0161njih kr\u0161\u0107ana. Ovo akademsko i pristupa\u010dno djelo otvara nove horizonte u me\u0111ukonfesionalnoj teologiji i bit \u0107e temeljni tekst u ovom podru\u010dju jo\u0161 dugi niz godina.<\/p>\n<p>Format: Meki uvez<br \/>\nDimenzije: 135 x 200 x 17 mm<br \/>\nBroj stranica: 270<\/p>\n","protected":false},"featured_media":1197,"template":"","meta":[],"product_brand":[],"product_cat":[35,60],"product_tag":[],"autor":[61],"class_list":{"0":"post-1196","1":"product","2":"type-product","3":"status-publish","4":"has-post-thumbnail","6":"product_cat-krscanstvo","7":"product_cat-teologija","8":"autor-gavin-ortlund","10":"first","11":"instock","12":"shipping-taxable","13":"purchasable","14":"product-type-simple"},"yoast_head":"<!-- This site is optimized with the Yoast SEO plugin v27.5 - https:\/\/yoast.com\/product\/yoast-seo-wordpress\/ -->\n<title>\u0160to zna\u010di biti protestant: Va\u017enost stalnog reformiranja Crkve<\/title>\n<meta name=\"description\" content=\"Povijesni protestantizam nudi najbolji put prema katolicitetu i povijesnoj ukorijenjenosti dana\u0161njih kr\u0161\u0107ana,\" \/>\n<meta name=\"robots\" content=\"index, follow, max-snippet:-1, max-image-preview:large, max-video-preview:-1\" \/>\n<link rel=\"canonical\" href=\"https:\/\/radosnavijest.hr\/shop\/product\/sto-znaci-biti-protestant\/\" \/>\n<meta property=\"og:locale\" content=\"hr_HR\" \/>\n<meta property=\"og:type\" content=\"article\" \/>\n<meta property=\"og:title\" content=\"\u0160to zna\u010di biti protestant: Va\u017enost stalnog reformiranja Crkve\" \/>\n<meta property=\"og:description\" content=\"Povijesni protestantizam nudi najbolji put prema katolicitetu i povijesnoj ukorijenjenosti dana\u0161njih kr\u0161\u0107ana,\" \/>\n<meta property=\"og:url\" content=\"https:\/\/radosnavijest.hr\/shop\/product\/sto-znaci-biti-protestant\/\" \/>\n<meta property=\"og:site_name\" content=\"Radosna vijest\" \/>\n<meta property=\"article:modified_time\" content=\"2025-10-31T01:19:59+00:00\" \/>\n<meta property=\"og:image\" content=\"https:\/\/radosnavijest.hr\/shop\/wp-content\/uploads\/2025\/10\/protestant-front.jpg\" \/>\n\t<meta property=\"og:image:width\" content=\"842\" \/>\n\t<meta property=\"og:image:height\" content=\"1200\" \/>\n\t<meta property=\"og:image:type\" content=\"image\/jpeg\" \/>\n<meta name=\"twitter:card\" content=\"summary_large_image\" \/>\n<meta name=\"twitter:label1\" content=\"Procijenjeno vrijeme \u010ditanja\" \/>\n\t<meta name=\"twitter:data1\" content=\"1 minuta\" \/>\n<script type=\"application\/ld+json\" class=\"yoast-schema-graph\">{\"@context\":\"https:\\\/\\\/schema.org\",\"@graph\":[{\"@type\":\"WebPage\",\"@id\":\"https:\\\/\\\/radosnavijest.hr\\\/shop\\\/product\\\/sto-znaci-biti-protestant\\\/\",\"url\":\"https:\\\/\\\/radosnavijest.hr\\\/shop\\\/product\\\/sto-znaci-biti-protestant\\\/\",\"name\":\"\u0160to zna\u010di biti protestant: Va\u017enost stalnog reformiranja Crkve\",\"isPartOf\":{\"@id\":\"https:\\\/\\\/radosnavijest.hr\\\/shop\\\/#website\"},\"primaryImageOfPage\":{\"@id\":\"https:\\\/\\\/radosnavijest.hr\\\/shop\\\/product\\\/sto-znaci-biti-protestant\\\/#primaryimage\"},\"image\":{\"@id\":\"https:\\\/\\\/radosnavijest.hr\\\/shop\\\/product\\\/sto-znaci-biti-protestant\\\/#primaryimage\"},\"thumbnailUrl\":\"https:\\\/\\\/radosnavijest.hr\\\/shop\\\/wp-content\\\/uploads\\\/2025\\\/10\\\/protestant-front.jpg\",\"datePublished\":\"2025-10-31T01:16:36+00:00\",\"dateModified\":\"2025-10-31T01:19:59+00:00\",\"description\":\"Povijesni protestantizam nudi najbolji put prema katolicitetu i povijesnoj ukorijenjenosti dana\u0161njih kr\u0161\u0107ana,\",\"breadcrumb\":{\"@id\":\"https:\\\/\\\/radosnavijest.hr\\\/shop\\\/product\\\/sto-znaci-biti-protestant\\\/#breadcrumb\"},\"inLanguage\":\"hr\",\"potentialAction\":[{\"@type\":\"ReadAction\",\"target\":[\"https:\\\/\\\/radosnavijest.hr\\\/shop\\\/product\\\/sto-znaci-biti-protestant\\\/\"]}]},{\"@type\":\"ImageObject\",\"inLanguage\":\"hr\",\"@id\":\"https:\\\/\\\/radosnavijest.hr\\\/shop\\\/product\\\/sto-znaci-biti-protestant\\\/#primaryimage\",\"url\":\"https:\\\/\\\/radosnavijest.hr\\\/shop\\\/wp-content\\\/uploads\\\/2025\\\/10\\\/protestant-front.jpg\",\"contentUrl\":\"https:\\\/\\\/radosnavijest.hr\\\/shop\\\/wp-content\\\/uploads\\\/2025\\\/10\\\/protestant-front.jpg\",\"width\":842,\"height\":1200},{\"@type\":\"BreadcrumbList\",\"@id\":\"https:\\\/\\\/radosnavijest.hr\\\/shop\\\/product\\\/sto-znaci-biti-protestant\\\/#breadcrumb\",\"itemListElement\":[{\"@type\":\"ListItem\",\"position\":1,\"name\":\"Po\u010detna\",\"item\":\"https:\\\/\\\/radosnavijest.hr\\\/shop\\\/\"},{\"@type\":\"ListItem\",\"position\":2,\"name\":\"Knjige\",\"item\":\"https:\\\/\\\/radosnavijest.hr\\\/shop\\\/\"},{\"@type\":\"ListItem\",\"position\":3,\"name\":\"\u0160to zna\u010di biti protestant: Va\u017enost stalnog reformiranja Crkve\"}]},{\"@type\":\"WebSite\",\"@id\":\"https:\\\/\\\/radosnavijest.hr\\\/shop\\\/#website\",\"url\":\"https:\\\/\\\/radosnavijest.hr\\\/shop\\\/\",\"name\":\"Radosna vijest\",\"description\":\"Knjige\",\"publisher\":{\"@id\":\"https:\\\/\\\/radosnavijest.hr\\\/shop\\\/#organization\"},\"potentialAction\":[{\"@type\":\"SearchAction\",\"target\":{\"@type\":\"EntryPoint\",\"urlTemplate\":\"https:\\\/\\\/radosnavijest.hr\\\/shop\\\/?s={search_term_string}\"},\"query-input\":{\"@type\":\"PropertyValueSpecification\",\"valueRequired\":true,\"valueName\":\"search_term_string\"}}],\"inLanguage\":\"hr\"},{\"@type\":\"Organization\",\"@id\":\"https:\\\/\\\/radosnavijest.hr\\\/shop\\\/#organization\",\"name\":\"Radosna vijest\",\"url\":\"https:\\\/\\\/radosnavijest.hr\\\/shop\\\/\",\"logo\":{\"@type\":\"ImageObject\",\"inLanguage\":\"hr\",\"@id\":\"https:\\\/\\\/radosnavijest.hr\\\/shop\\\/#\\\/schema\\\/logo\\\/image\\\/\",\"url\":\"https:\\\/\\\/radosnavijest.hr\\\/shop\\\/wp-content\\\/uploads\\\/2023\\\/08\\\/cropped-RV-logo-RGB_web.png\",\"contentUrl\":\"https:\\\/\\\/radosnavijest.hr\\\/shop\\\/wp-content\\\/uploads\\\/2023\\\/08\\\/cropped-RV-logo-RGB_web.png\",\"width\":600,\"height\":232,\"caption\":\"Radosna vijest\"},\"image\":{\"@id\":\"https:\\\/\\\/radosnavijest.hr\\\/shop\\\/#\\\/schema\\\/logo\\\/image\\\/\"}}]}<\/script>\n<!-- \/ Yoast SEO plugin. -->","yoast_head_json":{"title":"\u0160to zna\u010di biti protestant: Va\u017enost stalnog reformiranja Crkve","description":"Povijesni protestantizam nudi najbolji put prema katolicitetu i povijesnoj ukorijenjenosti dana\u0161njih kr\u0161\u0107ana,","robots":{"index":"index","follow":"follow","max-snippet":"max-snippet:-1","max-image-preview":"max-image-preview:large","max-video-preview":"max-video-preview:-1"},"canonical":"https:\/\/radosnavijest.hr\/shop\/product\/sto-znaci-biti-protestant\/","og_locale":"hr_HR","og_type":"article","og_title":"\u0160to zna\u010di biti protestant: Va\u017enost stalnog reformiranja Crkve","og_description":"Povijesni protestantizam nudi najbolji put prema katolicitetu i povijesnoj ukorijenjenosti dana\u0161njih kr\u0161\u0107ana,","og_url":"https:\/\/radosnavijest.hr\/shop\/product\/sto-znaci-biti-protestant\/","og_site_name":"Radosna vijest","article_modified_time":"2025-10-31T01:19:59+00:00","og_image":[{"width":842,"height":1200,"url":"https:\/\/radosnavijest.hr\/shop\/wp-content\/uploads\/2025\/10\/protestant-front.jpg","type":"image\/jpeg"}],"twitter_card":"summary_large_image","twitter_misc":{"Procijenjeno vrijeme \u010ditanja":"1 minuta"},"schema":{"@context":"https:\/\/schema.org","@graph":[{"@type":"WebPage","@id":"https:\/\/radosnavijest.hr\/shop\/product\/sto-znaci-biti-protestant\/","url":"https:\/\/radosnavijest.hr\/shop\/product\/sto-znaci-biti-protestant\/","name":"\u0160to zna\u010di biti protestant: Va\u017enost stalnog reformiranja Crkve","isPartOf":{"@id":"https:\/\/radosnavijest.hr\/shop\/#website"},"primaryImageOfPage":{"@id":"https:\/\/radosnavijest.hr\/shop\/product\/sto-znaci-biti-protestant\/#primaryimage"},"image":{"@id":"https:\/\/radosnavijest.hr\/shop\/product\/sto-znaci-biti-protestant\/#primaryimage"},"thumbnailUrl":"https:\/\/radosnavijest.hr\/shop\/wp-content\/uploads\/2025\/10\/protestant-front.jpg","datePublished":"2025-10-31T01:16:36+00:00","dateModified":"2025-10-31T01:19:59+00:00","description":"Povijesni protestantizam nudi najbolji put prema katolicitetu i povijesnoj ukorijenjenosti dana\u0161njih kr\u0161\u0107ana,","breadcrumb":{"@id":"https:\/\/radosnavijest.hr\/shop\/product\/sto-znaci-biti-protestant\/#breadcrumb"},"inLanguage":"hr","potentialAction":[{"@type":"ReadAction","target":["https:\/\/radosnavijest.hr\/shop\/product\/sto-znaci-biti-protestant\/"]}]},{"@type":"ImageObject","inLanguage":"hr","@id":"https:\/\/radosnavijest.hr\/shop\/product\/sto-znaci-biti-protestant\/#primaryimage","url":"https:\/\/radosnavijest.hr\/shop\/wp-content\/uploads\/2025\/10\/protestant-front.jpg","contentUrl":"https:\/\/radosnavijest.hr\/shop\/wp-content\/uploads\/2025\/10\/protestant-front.jpg","width":842,"height":1200},{"@type":"BreadcrumbList","@id":"https:\/\/radosnavijest.hr\/shop\/product\/sto-znaci-biti-protestant\/#breadcrumb","itemListElement":[{"@type":"ListItem","position":1,"name":"Po\u010detna","item":"https:\/\/radosnavijest.hr\/shop\/"},{"@type":"ListItem","position":2,"name":"Knjige","item":"https:\/\/radosnavijest.hr\/shop\/"},{"@type":"ListItem","position":3,"name":"\u0160to zna\u010di biti protestant: Va\u017enost stalnog reformiranja Crkve"}]},{"@type":"WebSite","@id":"https:\/\/radosnavijest.hr\/shop\/#website","url":"https:\/\/radosnavijest.hr\/shop\/","name":"Radosna vijest","description":"Knjige","publisher":{"@id":"https:\/\/radosnavijest.hr\/shop\/#organization"},"potentialAction":[{"@type":"SearchAction","target":{"@type":"EntryPoint","urlTemplate":"https:\/\/radosnavijest.hr\/shop\/?s={search_term_string}"},"query-input":{"@type":"PropertyValueSpecification","valueRequired":true,"valueName":"search_term_string"}}],"inLanguage":"hr"},{"@type":"Organization","@id":"https:\/\/radosnavijest.hr\/shop\/#organization","name":"Radosna vijest","url":"https:\/\/radosnavijest.hr\/shop\/","logo":{"@type":"ImageObject","inLanguage":"hr","@id":"https:\/\/radosnavijest.hr\/shop\/#\/schema\/logo\/image\/","url":"https:\/\/radosnavijest.hr\/shop\/wp-content\/uploads\/2023\/08\/cropped-RV-logo-RGB_web.png","contentUrl":"https:\/\/radosnavijest.hr\/shop\/wp-content\/uploads\/2023\/08\/cropped-RV-logo-RGB_web.png","width":600,"height":232,"caption":"Radosna vijest"},"image":{"@id":"https:\/\/radosnavijest.hr\/shop\/#\/schema\/logo\/image\/"}}]}},"_links":{"self":[{"href":"https:\/\/radosnavijest.hr\/shop\/wp-json\/wp\/v2\/product\/1196","targetHints":{"allow":["GET"]}}],"collection":[{"href":"https:\/\/radosnavijest.hr\/shop\/wp-json\/wp\/v2\/product"}],"about":[{"href":"https:\/\/radosnavijest.hr\/shop\/wp-json\/wp\/v2\/types\/product"}],"wp:featuredmedia":[{"embeddable":true,"href":"https:\/\/radosnavijest.hr\/shop\/wp-json\/wp\/v2\/media\/1197"}],"wp:attachment":[{"href":"https:\/\/radosnavijest.hr\/shop\/wp-json\/wp\/v2\/media?parent=1196"}],"wp:term":[{"taxonomy":"product_brand","embeddable":true,"href":"https:\/\/radosnavijest.hr\/shop\/wp-json\/wp\/v2\/product_brand?post=1196"},{"taxonomy":"product_cat","embeddable":true,"href":"https:\/\/radosnavijest.hr\/shop\/wp-json\/wp\/v2\/product_cat?post=1196"},{"taxonomy":"product_tag","embeddable":true,"href":"https:\/\/radosnavijest.hr\/shop\/wp-json\/wp\/v2\/product_tag?post=1196"},{"taxonomy":"autor","embeddable":true,"href":"https:\/\/radosnavijest.hr\/shop\/wp-json\/wp\/v2\/autor?post=1196"}],"curies":[{"name":"wp","href":"https:\/\/api.w.org\/{rel}","templated":true}]}}