{"id":897,"date":"2025-03-17T01:07:02","date_gmt":"2025-03-17T00:07:02","guid":{"rendered":"https:\/\/radosnavijest.hr\/shop\/?post_type=product&#038;p=897"},"modified":"2025-10-31T02:17:49","modified_gmt":"2025-10-31T01:17:49","slug":"krscanstvo-pod-povecalom","status":"publish","type":"product","link":"https:\/\/radosnavijest.hr\/shop\/product\/krscanstvo-pod-povecalom\/","title":{"rendered":"Kr\u0161\u0107anstvo pod pove\u0107alom"},"content":{"rendered":"<p>Kr\u0161\u0107anstvo je najra\u0161ireniji globalni vjerski sustav, a sve su naznake da \u0107e to ostati u doglednoj budu\u0107nosti. Me\u0111utim, mnogim obrazovanim zapadnjacima biblijsko kr\u0161\u0107anstvo predstavlja opasnu ideju koja preispituje neka od njihovih najdubljih uvjerenja.<\/p>\n<p>Dvanaest pitanja na koja odgovara ova knjiga:<br \/>\n1. Ne bi li nam bilo bolje bez religije?<br \/>\n2. Zar kr\u0161\u0107anstvo ne gu\u0161i raznolikost?<br \/>\n3. Kako mo\u017ee\u0161 re\u0107i da je samo jedna vjera prava?<br \/>\n4. Ne sputava li religija moralnost?<br \/>\n5. Nije li religija uzro\u010dnik nasilja?<br \/>\n6. Kako mo\u017ee\u0161 Bibliju shva\u0107ati doslovno?<br \/>\n7. Nije li znanost osporila kr\u0161\u0107anstvo?<br \/>\n8. Zar kr\u0161\u0107anstvo ne podcjenjuje \u017eene?<br \/>\n9. Nije li kr\u0161\u0107anstvo homofobi\u010dno?<br \/>\n10. Biblija odobrava ropstvo, zar ne?<br \/>\n11. Kako dobar Bog mo\u017ee dopustiti toliko patnje?<br \/>\n12. Kako dobar Bog mo\u017ee poslati ljude u pakao?<\/p>\n","protected":false},"excerpt":{"rendered":"<p>Izvrsnim istra\u017eivanjem, osobnim pri\u010dama i pa\u017eljivim biblijskim prou\u010davanjem, Kr\u0161\u0107anstvo pod pove\u0107alom raspravlja o dvanaest pitanja koja mnoge od nas prije\u010de da ozbiljno shvatimo mogu\u0107nost vjere u Krista. Me\u0111utim, autorica nas poziva da pogledamo malo bli\u017ee i uvidimo da slo\u017eenost seksualnosti, \u017eelja za raznoliko\u0161\u0107u i uspjeh znanosti, kao i druge potencijalne prepreke vjeri, zapravo predstavljaju putokaze. Isus, stoga, prestaje biti ostatak davne pro\u0161losti i postaje najboljom nadom modernoga svijeta.<\/p>\n<p>Format: Tvrdi uvez<br \/>\nDimenzije: 135 x 210 x 21 mm<br \/>\nBroj stranica: 308<\/p>\n","protected":false},"featured_media":899,"template":"","meta":[],"product_brand":[],"product_cat":[35],"product_tag":[],"autor":[58],"class_list":{"0":"post-897","1":"product","2":"type-product","3":"status-publish","4":"has-post-thumbnail","6":"product_cat-krscanstvo","7":"autor-rebecca-mclaughlin","9":"first","10":"instock","11":"shipping-taxable","12":"purchasable","13":"product-type-simple"},"yoast_head":"<!-- This site is optimized with the Yoast SEO plugin v27.4 - https:\/\/yoast.com\/product\/yoast-seo-wordpress\/ -->\n<title>Kr\u0161\u0107anstvo pod pove\u0107alom<\/title>\n<meta name=\"description\" content=\"Kr\u0161\u0107anstvo pod pove\u0107alom raspravlja o dvanaest pitanja koja mnoge od nas prije\u010de da ozbiljno shvatimo mogu\u0107nost vjere u Krista.\" \/>\n<meta name=\"robots\" content=\"index, follow, max-snippet:-1, max-image-preview:large, max-video-preview:-1\" \/>\n<link rel=\"canonical\" href=\"https:\/\/radosnavijest.hr\/shop\/product\/krscanstvo-pod-povecalom\/\" \/>\n<meta property=\"og:locale\" content=\"hr_HR\" \/>\n<meta property=\"og:type\" content=\"article\" \/>\n<meta property=\"og:title\" content=\"Kr\u0161\u0107anstvo pod pove\u0107alom\" \/>\n<meta property=\"og:description\" content=\"Kr\u0161\u0107anstvo pod pove\u0107alom raspravlja o dvanaest pitanja koja mnoge od nas prije\u010de da ozbiljno shvatimo mogu\u0107nost vjere u Krista.\" \/>\n<meta property=\"og:url\" content=\"https:\/\/radosnavijest.hr\/shop\/product\/krscanstvo-pod-povecalom\/\" \/>\n<meta property=\"og:site_name\" content=\"Radosna vijest\" \/>\n<meta property=\"article:modified_time\" content=\"2025-10-31T01:17:49+00:00\" \/>\n<meta property=\"og:image\" content=\"https:\/\/radosnavijest.hr\/shop\/wp-content\/uploads\/2024\/12\/krscanstvo_front.jpg\" \/>\n\t<meta property=\"og:image:width\" content=\"842\" \/>\n\t<meta property=\"og:image:height\" content=\"1200\" \/>\n\t<meta property=\"og:image:type\" content=\"image\/jpeg\" \/>\n<meta name=\"twitter:card\" content=\"summary_large_image\" \/>\n<meta name=\"twitter:label1\" content=\"Procijenjeno vrijeme \u010ditanja\" \/>\n\t<meta name=\"twitter:data1\" content=\"1 minuta\" \/>\n<script type=\"application\/ld+json\" class=\"yoast-schema-graph\">{\"@context\":\"https:\\\/\\\/schema.org\",\"@graph\":[{\"@type\":\"WebPage\",\"@id\":\"https:\\\/\\\/radosnavijest.hr\\\/shop\\\/product\\\/krscanstvo-pod-povecalom\\\/\",\"url\":\"https:\\\/\\\/radosnavijest.hr\\\/shop\\\/product\\\/krscanstvo-pod-povecalom\\\/\",\"name\":\"Kr\u0161\u0107anstvo pod pove\u0107alom\",\"isPartOf\":{\"@id\":\"https:\\\/\\\/radosnavijest.hr\\\/shop\\\/#website\"},\"primaryImageOfPage\":{\"@id\":\"https:\\\/\\\/radosnavijest.hr\\\/shop\\\/product\\\/krscanstvo-pod-povecalom\\\/#primaryimage\"},\"image\":{\"@id\":\"https:\\\/\\\/radosnavijest.hr\\\/shop\\\/product\\\/krscanstvo-pod-povecalom\\\/#primaryimage\"},\"thumbnailUrl\":\"https:\\\/\\\/radosnavijest.hr\\\/shop\\\/wp-content\\\/uploads\\\/2024\\\/12\\\/krscanstvo_front.jpg\",\"datePublished\":\"2025-03-17T00:07:02+00:00\",\"dateModified\":\"2025-10-31T01:17:49+00:00\",\"description\":\"Kr\u0161\u0107anstvo pod pove\u0107alom raspravlja o dvanaest pitanja koja mnoge od nas prije\u010de da ozbiljno shvatimo mogu\u0107nost vjere u Krista.\",\"breadcrumb\":{\"@id\":\"https:\\\/\\\/radosnavijest.hr\\\/shop\\\/product\\\/krscanstvo-pod-povecalom\\\/#breadcrumb\"},\"inLanguage\":\"hr\",\"potentialAction\":[{\"@type\":\"ReadAction\",\"target\":[\"https:\\\/\\\/radosnavijest.hr\\\/shop\\\/product\\\/krscanstvo-pod-povecalom\\\/\"]}]},{\"@type\":\"ImageObject\",\"inLanguage\":\"hr\",\"@id\":\"https:\\\/\\\/radosnavijest.hr\\\/shop\\\/product\\\/krscanstvo-pod-povecalom\\\/#primaryimage\",\"url\":\"https:\\\/\\\/radosnavijest.hr\\\/shop\\\/wp-content\\\/uploads\\\/2024\\\/12\\\/krscanstvo_front.jpg\",\"contentUrl\":\"https:\\\/\\\/radosnavijest.hr\\\/shop\\\/wp-content\\\/uploads\\\/2024\\\/12\\\/krscanstvo_front.jpg\",\"width\":842,\"height\":1200},{\"@type\":\"BreadcrumbList\",\"@id\":\"https:\\\/\\\/radosnavijest.hr\\\/shop\\\/product\\\/krscanstvo-pod-povecalom\\\/#breadcrumb\",\"itemListElement\":[{\"@type\":\"ListItem\",\"position\":1,\"name\":\"Po\u010detna\",\"item\":\"https:\\\/\\\/radosnavijest.hr\\\/shop\\\/\"},{\"@type\":\"ListItem\",\"position\":2,\"name\":\"Knjige\",\"item\":\"https:\\\/\\\/radosnavijest.hr\\\/shop\\\/\"},{\"@type\":\"ListItem\",\"position\":3,\"name\":\"Kr\u0161\u0107anstvo pod pove\u0107alom\"}]},{\"@type\":\"WebSite\",\"@id\":\"https:\\\/\\\/radosnavijest.hr\\\/shop\\\/#website\",\"url\":\"https:\\\/\\\/radosnavijest.hr\\\/shop\\\/\",\"name\":\"Radosna vijest\",\"description\":\"Knjige\",\"publisher\":{\"@id\":\"https:\\\/\\\/radosnavijest.hr\\\/shop\\\/#organization\"},\"potentialAction\":[{\"@type\":\"SearchAction\",\"target\":{\"@type\":\"EntryPoint\",\"urlTemplate\":\"https:\\\/\\\/radosnavijest.hr\\\/shop\\\/?s={search_term_string}\"},\"query-input\":{\"@type\":\"PropertyValueSpecification\",\"valueRequired\":true,\"valueName\":\"search_term_string\"}}],\"inLanguage\":\"hr\"},{\"@type\":\"Organization\",\"@id\":\"https:\\\/\\\/radosnavijest.hr\\\/shop\\\/#organization\",\"name\":\"Radosna vijest\",\"url\":\"https:\\\/\\\/radosnavijest.hr\\\/shop\\\/\",\"logo\":{\"@type\":\"ImageObject\",\"inLanguage\":\"hr\",\"@id\":\"https:\\\/\\\/radosnavijest.hr\\\/shop\\\/#\\\/schema\\\/logo\\\/image\\\/\",\"url\":\"https:\\\/\\\/radosnavijest.hr\\\/shop\\\/wp-content\\\/uploads\\\/2023\\\/08\\\/cropped-RV-logo-RGB_web.png\",\"contentUrl\":\"https:\\\/\\\/radosnavijest.hr\\\/shop\\\/wp-content\\\/uploads\\\/2023\\\/08\\\/cropped-RV-logo-RGB_web.png\",\"width\":600,\"height\":232,\"caption\":\"Radosna vijest\"},\"image\":{\"@id\":\"https:\\\/\\\/radosnavijest.hr\\\/shop\\\/#\\\/schema\\\/logo\\\/image\\\/\"}}]}<\/script>\n<!-- \/ Yoast SEO plugin. -->","yoast_head_json":{"title":"Kr\u0161\u0107anstvo pod pove\u0107alom","description":"Kr\u0161\u0107anstvo pod pove\u0107alom raspravlja o dvanaest pitanja koja mnoge od nas prije\u010de da ozbiljno shvatimo mogu\u0107nost vjere u Krista.","robots":{"index":"index","follow":"follow","max-snippet":"max-snippet:-1","max-image-preview":"max-image-preview:large","max-video-preview":"max-video-preview:-1"},"canonical":"https:\/\/radosnavijest.hr\/shop\/product\/krscanstvo-pod-povecalom\/","og_locale":"hr_HR","og_type":"article","og_title":"Kr\u0161\u0107anstvo pod pove\u0107alom","og_description":"Kr\u0161\u0107anstvo pod pove\u0107alom raspravlja o dvanaest pitanja koja mnoge od nas prije\u010de da ozbiljno shvatimo mogu\u0107nost vjere u Krista.","og_url":"https:\/\/radosnavijest.hr\/shop\/product\/krscanstvo-pod-povecalom\/","og_site_name":"Radosna vijest","article_modified_time":"2025-10-31T01:17:49+00:00","og_image":[{"width":842,"height":1200,"url":"https:\/\/radosnavijest.hr\/shop\/wp-content\/uploads\/2024\/12\/krscanstvo_front.jpg","type":"image\/jpeg"}],"twitter_card":"summary_large_image","twitter_misc":{"Procijenjeno vrijeme \u010ditanja":"1 minuta"},"schema":{"@context":"https:\/\/schema.org","@graph":[{"@type":"WebPage","@id":"https:\/\/radosnavijest.hr\/shop\/product\/krscanstvo-pod-povecalom\/","url":"https:\/\/radosnavijest.hr\/shop\/product\/krscanstvo-pod-povecalom\/","name":"Kr\u0161\u0107anstvo pod pove\u0107alom","isPartOf":{"@id":"https:\/\/radosnavijest.hr\/shop\/#website"},"primaryImageOfPage":{"@id":"https:\/\/radosnavijest.hr\/shop\/product\/krscanstvo-pod-povecalom\/#primaryimage"},"image":{"@id":"https:\/\/radosnavijest.hr\/shop\/product\/krscanstvo-pod-povecalom\/#primaryimage"},"thumbnailUrl":"https:\/\/radosnavijest.hr\/shop\/wp-content\/uploads\/2024\/12\/krscanstvo_front.jpg","datePublished":"2025-03-17T00:07:02+00:00","dateModified":"2025-10-31T01:17:49+00:00","description":"Kr\u0161\u0107anstvo pod pove\u0107alom raspravlja o dvanaest pitanja koja mnoge od nas prije\u010de da ozbiljno shvatimo mogu\u0107nost vjere u Krista.","breadcrumb":{"@id":"https:\/\/radosnavijest.hr\/shop\/product\/krscanstvo-pod-povecalom\/#breadcrumb"},"inLanguage":"hr","potentialAction":[{"@type":"ReadAction","target":["https:\/\/radosnavijest.hr\/shop\/product\/krscanstvo-pod-povecalom\/"]}]},{"@type":"ImageObject","inLanguage":"hr","@id":"https:\/\/radosnavijest.hr\/shop\/product\/krscanstvo-pod-povecalom\/#primaryimage","url":"https:\/\/radosnavijest.hr\/shop\/wp-content\/uploads\/2024\/12\/krscanstvo_front.jpg","contentUrl":"https:\/\/radosnavijest.hr\/shop\/wp-content\/uploads\/2024\/12\/krscanstvo_front.jpg","width":842,"height":1200},{"@type":"BreadcrumbList","@id":"https:\/\/radosnavijest.hr\/shop\/product\/krscanstvo-pod-povecalom\/#breadcrumb","itemListElement":[{"@type":"ListItem","position":1,"name":"Po\u010detna","item":"https:\/\/radosnavijest.hr\/shop\/"},{"@type":"ListItem","position":2,"name":"Knjige","item":"https:\/\/radosnavijest.hr\/shop\/"},{"@type":"ListItem","position":3,"name":"Kr\u0161\u0107anstvo pod pove\u0107alom"}]},{"@type":"WebSite","@id":"https:\/\/radosnavijest.hr\/shop\/#website","url":"https:\/\/radosnavijest.hr\/shop\/","name":"Radosna vijest","description":"Knjige","publisher":{"@id":"https:\/\/radosnavijest.hr\/shop\/#organization"},"potentialAction":[{"@type":"SearchAction","target":{"@type":"EntryPoint","urlTemplate":"https:\/\/radosnavijest.hr\/shop\/?s={search_term_string}"},"query-input":{"@type":"PropertyValueSpecification","valueRequired":true,"valueName":"search_term_string"}}],"inLanguage":"hr"},{"@type":"Organization","@id":"https:\/\/radosnavijest.hr\/shop\/#organization","name":"Radosna vijest","url":"https:\/\/radosnavijest.hr\/shop\/","logo":{"@type":"ImageObject","inLanguage":"hr","@id":"https:\/\/radosnavijest.hr\/shop\/#\/schema\/logo\/image\/","url":"https:\/\/radosnavijest.hr\/shop\/wp-content\/uploads\/2023\/08\/cropped-RV-logo-RGB_web.png","contentUrl":"https:\/\/radosnavijest.hr\/shop\/wp-content\/uploads\/2023\/08\/cropped-RV-logo-RGB_web.png","width":600,"height":232,"caption":"Radosna vijest"},"image":{"@id":"https:\/\/radosnavijest.hr\/shop\/#\/schema\/logo\/image\/"}}]}},"_links":{"self":[{"href":"https:\/\/radosnavijest.hr\/shop\/wp-json\/wp\/v2\/product\/897","targetHints":{"allow":["GET"]}}],"collection":[{"href":"https:\/\/radosnavijest.hr\/shop\/wp-json\/wp\/v2\/product"}],"about":[{"href":"https:\/\/radosnavijest.hr\/shop\/wp-json\/wp\/v2\/types\/product"}],"wp:featuredmedia":[{"embeddable":true,"href":"https:\/\/radosnavijest.hr\/shop\/wp-json\/wp\/v2\/media\/899"}],"wp:attachment":[{"href":"https:\/\/radosnavijest.hr\/shop\/wp-json\/wp\/v2\/media?parent=897"}],"wp:term":[{"taxonomy":"product_brand","embeddable":true,"href":"https:\/\/radosnavijest.hr\/shop\/wp-json\/wp\/v2\/product_brand?post=897"},{"taxonomy":"product_cat","embeddable":true,"href":"https:\/\/radosnavijest.hr\/shop\/wp-json\/wp\/v2\/product_cat?post=897"},{"taxonomy":"product_tag","embeddable":true,"href":"https:\/\/radosnavijest.hr\/shop\/wp-json\/wp\/v2\/product_tag?post=897"},{"taxonomy":"autor","embeddable":true,"href":"https:\/\/radosnavijest.hr\/shop\/wp-json\/wp\/v2\/autor?post=897"}],"curies":[{"name":"wp","href":"https:\/\/api.w.org\/{rel}","templated":true}]}}