{"id":958,"date":"2025-02-25T22:45:42","date_gmt":"2025-02-25T21:45:42","guid":{"rendered":"https:\/\/radosnavijest.hr\/shop\/?post_type=product&#038;p=958"},"modified":"2025-02-25T22:49:13","modified_gmt":"2025-02-25T21:49:13","slug":"komplet-6-slikovnica","status":"publish","type":"product","link":"https:\/\/radosnavijest.hr\/shop\/product\/komplet-6-slikovnica\/","title":{"rendered":"Komplet 6 slikovnica"},"content":{"rendered":"<p><strong>Karlo i veliko prikrivanje<\/strong> \u2013 poma\u017ee djeci u\u010diti o pokajanju i opro\u0161tenju koje mo\u017eemo prona\u0107i jedino u Isusu.<br \/>\n<strong>Paola i prekora\u010denje vremena pred ekranom<\/strong> \u2013 poma\u017ee djeci u\u010diti o samokontroli i u\u017eivanju u tehnologiji unutar zdravo postavljenih granica.<br \/>\n<strong>Karlo i tajna dru\u017eina<\/strong> \u2013 poma\u017ee djeci u\u010diti o ku\u0161njama, koje dolaze s pritiskom vr\u0161njaka, ali i o velikoj pustolovini nasljedovanja Isusa.<br \/>\n<strong>Lucija i subotnje iznena\u0111enje<\/strong> \u2013 poma\u017ee djeci kako se boriti protiv zavisti, nude\u0107i prakti\u010dna rje\u0161enja u trenucima kada se ku\u0161nja \u010dini prevelikom.<br \/>\n<strong>Megi nije sama<\/strong> \u2013 poma\u017ee djeci u\u010diti o Isusovoj zapovijedi: \u201eLjubite jedni druge\u201c, i o tome kakav je blagoslov biti dijelom lokalne crkve.<br \/>\n<strong>Zlatko i mali buntovnik<\/strong> \u2013 poma\u017ee djeci u\u010diti o grijehu, milosti i bezuvjetnoj O\u010devoj ljubavi, koju primamo jer ju je Krist zaradio za nas.<\/p>\n","protected":false},"excerpt":{"rendered":"<p>Ovaj komplet od 6 slikovnica za djecu od 3 do 7 godina prekrasan je izvor malih biblijskih mudrosti za najmla\u0111e. Svaki naslov na zabavan i zanimljiv na\u010din obra\u0111uje neki od svakodnevnih dje\u010djih izazova i nudi mudra rje\u0161enja biblijskim istinama i konkretnim primjerima. Mogu pomo\u0107i svima, a posebno roditeljima, potaknuti razgovor s djecom o grijehu, pokajanju, opro\u0161tenju, samokontroli, vr\u0161nja\u010dkom pritisku, zavisti, milosti i sl.<\/p>\n<p>Format: Tvrdi uvez<br \/>\nDimenzije: 220 x 220 x 10 mm<br \/>\nBroj stranica: 40<\/p>\n","protected":false},"featured_media":960,"template":"","meta":[],"product_brand":[],"product_cat":[62],"product_tag":[],"autor":[63,64],"class_list":{"0":"post-958","1":"product","2":"type-product","3":"status-publish","4":"has-post-thumbnail","6":"product_cat-knjige-za-djecu","7":"autor-betsy-childs-howard","8":"autor-samara-hardy","10":"first","11":"instock","12":"sale","13":"shipping-taxable","14":"purchasable","15":"product-type-simple"},"yoast_head":"<!-- This site is optimized with the Yoast SEO plugin v27.5 - https:\/\/yoast.com\/product\/yoast-seo-wordpress\/ -->\n<title>Komplet 6 slikovnica<\/title>\n<meta name=\"description\" content=\"Ovaj komplet od 6 slikovnica za djecu od 3 do 7 godina prekrasan je izvor malih biblijskih mudrosti za najmla\u0111e. Svaki naslov na zabavan i zanimljiv na\u010din obra\u0111uje neki od svakodnevnih dje\u010djih izazova.\" \/>\n<meta name=\"robots\" content=\"index, follow, max-snippet:-1, max-image-preview:large, max-video-preview:-1\" \/>\n<link rel=\"canonical\" href=\"https:\/\/radosnavijest.hr\/shop\/product\/komplet-6-slikovnica\/\" \/>\n<meta property=\"og:locale\" content=\"hr_HR\" \/>\n<meta property=\"og:type\" content=\"article\" \/>\n<meta property=\"og:title\" content=\"Komplet 6 slikovnica\" \/>\n<meta property=\"og:description\" content=\"Ovaj komplet od 6 slikovnica za djecu od 3 do 7 godina prekrasan je izvor malih biblijskih mudrosti za najmla\u0111e. Svaki naslov na zabavan i zanimljiv na\u010din obra\u0111uje neki od svakodnevnih dje\u010djih izazova.\" \/>\n<meta property=\"og:url\" content=\"https:\/\/radosnavijest.hr\/shop\/product\/komplet-6-slikovnica\/\" \/>\n<meta property=\"og:site_name\" content=\"Radosna vijest\" \/>\n<meta property=\"article:modified_time\" content=\"2025-02-25T21:49:13+00:00\" \/>\n<meta property=\"og:image\" content=\"https:\/\/radosnavijest.hr\/shop\/wp-content\/uploads\/2025\/02\/slikovnice-front-1.jpg\" \/>\n\t<meta property=\"og:image:width\" content=\"842\" \/>\n\t<meta property=\"og:image:height\" content=\"1200\" \/>\n\t<meta property=\"og:image:type\" content=\"image\/jpeg\" \/>\n<meta name=\"twitter:card\" content=\"summary_large_image\" \/>\n<meta name=\"twitter:label1\" content=\"Procijenjeno vrijeme \u010ditanja\" \/>\n\t<meta name=\"twitter:data1\" content=\"1 minuta\" \/>\n<script type=\"application\/ld+json\" class=\"yoast-schema-graph\">{\"@context\":\"https:\\\/\\\/schema.org\",\"@graph\":[{\"@type\":\"WebPage\",\"@id\":\"https:\\\/\\\/radosnavijest.hr\\\/shop\\\/product\\\/komplet-6-slikovnica\\\/\",\"url\":\"https:\\\/\\\/radosnavijest.hr\\\/shop\\\/product\\\/komplet-6-slikovnica\\\/\",\"name\":\"Komplet 6 slikovnica\",\"isPartOf\":{\"@id\":\"https:\\\/\\\/radosnavijest.hr\\\/shop\\\/#website\"},\"primaryImageOfPage\":{\"@id\":\"https:\\\/\\\/radosnavijest.hr\\\/shop\\\/product\\\/komplet-6-slikovnica\\\/#primaryimage\"},\"image\":{\"@id\":\"https:\\\/\\\/radosnavijest.hr\\\/shop\\\/product\\\/komplet-6-slikovnica\\\/#primaryimage\"},\"thumbnailUrl\":\"https:\\\/\\\/radosnavijest.hr\\\/shop\\\/wp-content\\\/uploads\\\/2025\\\/02\\\/slikovnice-front-1.jpg\",\"datePublished\":\"2025-02-25T21:45:42+00:00\",\"dateModified\":\"2025-02-25T21:49:13+00:00\",\"description\":\"Ovaj komplet od 6 slikovnica za djecu od 3 do 7 godina prekrasan je izvor malih biblijskih mudrosti za najmla\u0111e. Svaki naslov na zabavan i zanimljiv na\u010din obra\u0111uje neki od svakodnevnih dje\u010djih izazova.\",\"breadcrumb\":{\"@id\":\"https:\\\/\\\/radosnavijest.hr\\\/shop\\\/product\\\/komplet-6-slikovnica\\\/#breadcrumb\"},\"inLanguage\":\"hr\",\"potentialAction\":[{\"@type\":\"ReadAction\",\"target\":[\"https:\\\/\\\/radosnavijest.hr\\\/shop\\\/product\\\/komplet-6-slikovnica\\\/\"]}]},{\"@type\":\"ImageObject\",\"inLanguage\":\"hr\",\"@id\":\"https:\\\/\\\/radosnavijest.hr\\\/shop\\\/product\\\/komplet-6-slikovnica\\\/#primaryimage\",\"url\":\"https:\\\/\\\/radosnavijest.hr\\\/shop\\\/wp-content\\\/uploads\\\/2025\\\/02\\\/slikovnice-front-1.jpg\",\"contentUrl\":\"https:\\\/\\\/radosnavijest.hr\\\/shop\\\/wp-content\\\/uploads\\\/2025\\\/02\\\/slikovnice-front-1.jpg\",\"width\":842,\"height\":1200},{\"@type\":\"BreadcrumbList\",\"@id\":\"https:\\\/\\\/radosnavijest.hr\\\/shop\\\/product\\\/komplet-6-slikovnica\\\/#breadcrumb\",\"itemListElement\":[{\"@type\":\"ListItem\",\"position\":1,\"name\":\"Po\u010detna\",\"item\":\"https:\\\/\\\/radosnavijest.hr\\\/shop\\\/\"},{\"@type\":\"ListItem\",\"position\":2,\"name\":\"Knjige\",\"item\":\"https:\\\/\\\/radosnavijest.hr\\\/shop\\\/\"},{\"@type\":\"ListItem\",\"position\":3,\"name\":\"Komplet 6 slikovnica\"}]},{\"@type\":\"WebSite\",\"@id\":\"https:\\\/\\\/radosnavijest.hr\\\/shop\\\/#website\",\"url\":\"https:\\\/\\\/radosnavijest.hr\\\/shop\\\/\",\"name\":\"Radosna vijest\",\"description\":\"Knjige\",\"publisher\":{\"@id\":\"https:\\\/\\\/radosnavijest.hr\\\/shop\\\/#organization\"},\"potentialAction\":[{\"@type\":\"SearchAction\",\"target\":{\"@type\":\"EntryPoint\",\"urlTemplate\":\"https:\\\/\\\/radosnavijest.hr\\\/shop\\\/?s={search_term_string}\"},\"query-input\":{\"@type\":\"PropertyValueSpecification\",\"valueRequired\":true,\"valueName\":\"search_term_string\"}}],\"inLanguage\":\"hr\"},{\"@type\":\"Organization\",\"@id\":\"https:\\\/\\\/radosnavijest.hr\\\/shop\\\/#organization\",\"name\":\"Radosna vijest\",\"url\":\"https:\\\/\\\/radosnavijest.hr\\\/shop\\\/\",\"logo\":{\"@type\":\"ImageObject\",\"inLanguage\":\"hr\",\"@id\":\"https:\\\/\\\/radosnavijest.hr\\\/shop\\\/#\\\/schema\\\/logo\\\/image\\\/\",\"url\":\"https:\\\/\\\/radosnavijest.hr\\\/shop\\\/wp-content\\\/uploads\\\/2023\\\/08\\\/cropped-RV-logo-RGB_web.png\",\"contentUrl\":\"https:\\\/\\\/radosnavijest.hr\\\/shop\\\/wp-content\\\/uploads\\\/2023\\\/08\\\/cropped-RV-logo-RGB_web.png\",\"width\":600,\"height\":232,\"caption\":\"Radosna vijest\"},\"image\":{\"@id\":\"https:\\\/\\\/radosnavijest.hr\\\/shop\\\/#\\\/schema\\\/logo\\\/image\\\/\"}}]}<\/script>\n<!-- \/ Yoast SEO plugin. -->","yoast_head_json":{"title":"Komplet 6 slikovnica","description":"Ovaj komplet od 6 slikovnica za djecu od 3 do 7 godina prekrasan je izvor malih biblijskih mudrosti za najmla\u0111e. Svaki naslov na zabavan i zanimljiv na\u010din obra\u0111uje neki od svakodnevnih dje\u010djih izazova.","robots":{"index":"index","follow":"follow","max-snippet":"max-snippet:-1","max-image-preview":"max-image-preview:large","max-video-preview":"max-video-preview:-1"},"canonical":"https:\/\/radosnavijest.hr\/shop\/product\/komplet-6-slikovnica\/","og_locale":"hr_HR","og_type":"article","og_title":"Komplet 6 slikovnica","og_description":"Ovaj komplet od 6 slikovnica za djecu od 3 do 7 godina prekrasan je izvor malih biblijskih mudrosti za najmla\u0111e. Svaki naslov na zabavan i zanimljiv na\u010din obra\u0111uje neki od svakodnevnih dje\u010djih izazova.","og_url":"https:\/\/radosnavijest.hr\/shop\/product\/komplet-6-slikovnica\/","og_site_name":"Radosna vijest","article_modified_time":"2025-02-25T21:49:13+00:00","og_image":[{"width":842,"height":1200,"url":"https:\/\/radosnavijest.hr\/shop\/wp-content\/uploads\/2025\/02\/slikovnice-front-1.jpg","type":"image\/jpeg"}],"twitter_card":"summary_large_image","twitter_misc":{"Procijenjeno vrijeme \u010ditanja":"1 minuta"},"schema":{"@context":"https:\/\/schema.org","@graph":[{"@type":"WebPage","@id":"https:\/\/radosnavijest.hr\/shop\/product\/komplet-6-slikovnica\/","url":"https:\/\/radosnavijest.hr\/shop\/product\/komplet-6-slikovnica\/","name":"Komplet 6 slikovnica","isPartOf":{"@id":"https:\/\/radosnavijest.hr\/shop\/#website"},"primaryImageOfPage":{"@id":"https:\/\/radosnavijest.hr\/shop\/product\/komplet-6-slikovnica\/#primaryimage"},"image":{"@id":"https:\/\/radosnavijest.hr\/shop\/product\/komplet-6-slikovnica\/#primaryimage"},"thumbnailUrl":"https:\/\/radosnavijest.hr\/shop\/wp-content\/uploads\/2025\/02\/slikovnice-front-1.jpg","datePublished":"2025-02-25T21:45:42+00:00","dateModified":"2025-02-25T21:49:13+00:00","description":"Ovaj komplet od 6 slikovnica za djecu od 3 do 7 godina prekrasan je izvor malih biblijskih mudrosti za najmla\u0111e. Svaki naslov na zabavan i zanimljiv na\u010din obra\u0111uje neki od svakodnevnih dje\u010djih izazova.","breadcrumb":{"@id":"https:\/\/radosnavijest.hr\/shop\/product\/komplet-6-slikovnica\/#breadcrumb"},"inLanguage":"hr","potentialAction":[{"@type":"ReadAction","target":["https:\/\/radosnavijest.hr\/shop\/product\/komplet-6-slikovnica\/"]}]},{"@type":"ImageObject","inLanguage":"hr","@id":"https:\/\/radosnavijest.hr\/shop\/product\/komplet-6-slikovnica\/#primaryimage","url":"https:\/\/radosnavijest.hr\/shop\/wp-content\/uploads\/2025\/02\/slikovnice-front-1.jpg","contentUrl":"https:\/\/radosnavijest.hr\/shop\/wp-content\/uploads\/2025\/02\/slikovnice-front-1.jpg","width":842,"height":1200},{"@type":"BreadcrumbList","@id":"https:\/\/radosnavijest.hr\/shop\/product\/komplet-6-slikovnica\/#breadcrumb","itemListElement":[{"@type":"ListItem","position":1,"name":"Po\u010detna","item":"https:\/\/radosnavijest.hr\/shop\/"},{"@type":"ListItem","position":2,"name":"Knjige","item":"https:\/\/radosnavijest.hr\/shop\/"},{"@type":"ListItem","position":3,"name":"Komplet 6 slikovnica"}]},{"@type":"WebSite","@id":"https:\/\/radosnavijest.hr\/shop\/#website","url":"https:\/\/radosnavijest.hr\/shop\/","name":"Radosna vijest","description":"Knjige","publisher":{"@id":"https:\/\/radosnavijest.hr\/shop\/#organization"},"potentialAction":[{"@type":"SearchAction","target":{"@type":"EntryPoint","urlTemplate":"https:\/\/radosnavijest.hr\/shop\/?s={search_term_string}"},"query-input":{"@type":"PropertyValueSpecification","valueRequired":true,"valueName":"search_term_string"}}],"inLanguage":"hr"},{"@type":"Organization","@id":"https:\/\/radosnavijest.hr\/shop\/#organization","name":"Radosna vijest","url":"https:\/\/radosnavijest.hr\/shop\/","logo":{"@type":"ImageObject","inLanguage":"hr","@id":"https:\/\/radosnavijest.hr\/shop\/#\/schema\/logo\/image\/","url":"https:\/\/radosnavijest.hr\/shop\/wp-content\/uploads\/2023\/08\/cropped-RV-logo-RGB_web.png","contentUrl":"https:\/\/radosnavijest.hr\/shop\/wp-content\/uploads\/2023\/08\/cropped-RV-logo-RGB_web.png","width":600,"height":232,"caption":"Radosna vijest"},"image":{"@id":"https:\/\/radosnavijest.hr\/shop\/#\/schema\/logo\/image\/"}}]}},"_links":{"self":[{"href":"https:\/\/radosnavijest.hr\/shop\/wp-json\/wp\/v2\/product\/958","targetHints":{"allow":["GET"]}}],"collection":[{"href":"https:\/\/radosnavijest.hr\/shop\/wp-json\/wp\/v2\/product"}],"about":[{"href":"https:\/\/radosnavijest.hr\/shop\/wp-json\/wp\/v2\/types\/product"}],"wp:featuredmedia":[{"embeddable":true,"href":"https:\/\/radosnavijest.hr\/shop\/wp-json\/wp\/v2\/media\/960"}],"wp:attachment":[{"href":"https:\/\/radosnavijest.hr\/shop\/wp-json\/wp\/v2\/media?parent=958"}],"wp:term":[{"taxonomy":"product_brand","embeddable":true,"href":"https:\/\/radosnavijest.hr\/shop\/wp-json\/wp\/v2\/product_brand?post=958"},{"taxonomy":"product_cat","embeddable":true,"href":"https:\/\/radosnavijest.hr\/shop\/wp-json\/wp\/v2\/product_cat?post=958"},{"taxonomy":"product_tag","embeddable":true,"href":"https:\/\/radosnavijest.hr\/shop\/wp-json\/wp\/v2\/product_tag?post=958"},{"taxonomy":"autor","embeddable":true,"href":"https:\/\/radosnavijest.hr\/shop\/wp-json\/wp\/v2\/autor?post=958"}],"curies":[{"name":"wp","href":"https:\/\/api.w.org\/{rel}","templated":true}]}}